= 5*g - 5*v - 26, -4*g - f*v + 50 = 0. What is the tens digit of g?
1
Let o = 13 - 6. Suppose -2*s + o = 1, f = -2*s + 25. What is the units digit of f?
9
Suppose -142 - 48 = -5*g. What is the tens digit of g?
3
Suppose 3 = -3*y, y = d - 4*y - 13. Let o be (-2)/d - 68/(-16). Suppose 0 = -0*j - j + o. What is the units digit of j?
4
Suppose -17 = 3*k - 62. Let o(x) = x**3 - 16*x**2 + 19*x - 12. What is the tens digit of o(k)?
4
Suppose 4*q + 5 = 2*p - 19, 4*q = -4*p - 12. Suppose -d = -2*i - 3*d + 4, 0 = -p*i - d. What is the units digit of 12*(-3 - 7/i)?
6
Suppose 3*o + 4*s - 50 = 0, -4*o = -9*o - 4*s + 78. What is the units digit of -3 - o/(-3)*9?
9
Let v(l) = -3*l + 50. What is the tens digit of v(8)?
2
Let d be 280 + 1 + (-4 - -2). What is the units digit of 4/8 - d/(-6)?
7
Let j be (-3)/((27/12)/3). Let f = 6 + j. What is the units digit of f?
2
Suppose -7 - 14 = -3*c. Let f(a) = a**2 - 5*a - 8. Let i be f(c). Let g(y) = y - 4. What is the units digit of g(i)?
2
Suppose -5*z = z - 30. Suppose -z = 2*x - 15. What is the units digit of x?
5
Let o be 2 + 4*-1 + -3. What is the units digit of (4 + o)/(2/(-22))?
1
Let q(g) = 36*g - 1. Let r be q(-2). Let o = -40 - r. Suppose -2*h = 7 - o. What is the units digit of h?
3
Suppose -h - w = -2, 2*w + 12 = 2*h + 6*w. What is the units digit of ((-7)/14)/(h/144)?
6
Let o(k) = -k**3 + 10*k**2 + 15*k + 5. What is the hundreds digit of o(-4)?
1
Suppose -4*b + 2 = -2. Suppose -k - 3 = -2*n + b, 0 = k + 4. Suppose -4*x + 5*g + 73 = n, 0*x - 5*g - 7 = -x. What is the tens digit of x?
2
Suppose m = -4*l + 120, -3*m - 2*m = -20. What is the tens digit of l?
2
Let y(z) = 50*z**3 - z**2 + z - 1. Let q be y(1). Suppose 0 = -5*s - 2*c + 3*c + q, 3*c = -4*s + 24. What is the units digit of s?
9
Suppose -2*b = 18 - 48. What is the units digit of b?
5
Let l be 2*((-3)/(-6) - 1). Let c be -2 + (6 - -1)*l. Let v(j) = -j**2 - 8*j + 10. What is the units digit of v(c)?
1
Let f(u) = u**2 + 5*u - 9. Let n be (-28)/6*9/6. What is the units digit of f(n)?
5
Suppose -w + 8 = -8. What is the tens digit of (-9 + w/4)*-3?
1
Let f be (-2)/(-4) + 3/2. What is the units digit of f/8 + 497/28?
8
Let z(x) = -5*x**3 - 1. Let j be z(1). Let n(t) = -t**3 - 7*t**2 - 5*t - 1. Let c be n(j). Let g = -3 - c. What is the units digit of g?
4
Suppose q - 4*v = 3*q - 12, -4*v = -q - 6. Suppose 5*d - 20 = 15. Suppose q*y - a = 7, -5*y - 3*a + d = -5. What is the units digit of y?
3
Suppose 3*n = -2*n. Suppose -2*s = 4*v - 11 - 25, 4*v - s - 30 = n. What is the units digit of v?
8
Let v(y) = -2*y**2 + 6*y + 4. Let j(d) = -3*d**2 + 12*d + 9. Let m(u) = 3*j(u) - 5*v(u). What is the units digit of m(-5)?
2
Let z(n) = -5*n - 1. Let b(l) = -l + 1. Let i(g) = 4*b(g) - z(g). Let t be i(-5). Suppose -4*q + 4 + 4 = t. What is the units digit of q?
2
Suppose -3*p = 4*n - 43, 5*p = p + 4*n + 76. Let g = p + 4. What is the units digit of g?
1
Let a(q) = q**2 - 8*q. Let o be a(8). Suppose -3*p = -o*p. Suppose 2*g - 5*f = g - 7, p = g + 4*f - 20. What is the units digit of g?
8
Suppose 619 - 139 = 15*s. What is the units digit of s?
2
Suppose 0 = -z + 2*i + 8, 18 - 64 = -4*z + i. Let d be (z/(-15) - 0)*-5. Let o(f) = 2*f - 3. What is the units digit of o(d)?
5
Let o(v) be the first derivative of -2*v**2 + v - 1. What is the units digit of o(-3)?
3
What is the tens digit of -89*(-1)/(-3)*-3?
8
Suppose 47 = 2*r + 3*d, -6*r + 2*d + 118 = -2*r. Suppose r = 4*w - 36. What is the units digit of w?
6
Let q be ((-3)/(-3))/((-2)/(-18)). Let b = 13 - q. Suppose 20 = 5*c + b*l, -3*l + 5 = 2*c - 3. What is the units digit of c?
4
Let u(j) = -j**2 + 9*j - 2. Suppose 0 = 3*p - 2*k - 9 - 22, 3*p = k + 29. Let d be u(p). What is the units digit of 2 + -1 - (d + 1)?
2
What is the units digit of (8/2 + -5)*-9?
9
Let y(f) = 29*f**2 - f + 1. What is the units digit of y(1)?
9
Suppose -2*n + 5 = 1. Suppose 2 = n*t - 12. What is the units digit of t?
7
Suppose 3*n = 60 + 3. What is the units digit of n?
1
Let p be 1 - (-1 - -3) - -5. Suppose 3*v - 9 = -3*m, 2*m + 5 + p = v. What is the units digit of v?
5
Suppose 0*a + a = 17. What is the tens digit of a?
1
Let l(f) = -f**3 - 11*f**2 + 13*f + 15. Let c be l(-12). Suppose -4*w + 90 = c*q - 0*w, -5*w - 185 = -5*q. What is the units digit of q?
4
Suppose -5*g = -2*c - 334, g - 3*g = -3*c - 127. What is the tens digit of g?
6
Let d be (0 - 0)/(2/(-1)). Let x = d - -1. What is the units digit of x?
1
Let y = -37 - -151. What is the hundreds digit of y?
1
Let x(l) = -14*l**2 + 2*l + 4. Let k be x(3). What is the units digit of (k/(-8))/(1/2)?
9
Let i = 18 - 3. What is the tens digit of i?
1
Suppose 0*l - 3*i - 339 = -3*l, 4*l + 2*i - 458 = 0. What is the tens digit of l?
1
Suppose 0 = 5*h - 114 - 161. What is the units digit of h?
5
Let h(t) = t**2 - 1. What is the tens digit of h(4)?
1
Suppose -81 = -3*o - 9. What is the units digit of o?
4
Suppose 228 + 82 = 5*p. What is the tens digit of p?
6
Suppose 0 = 4*h - 2*r - 6, -4*h + 6*h = -5*r - 3. Let y = 1 - h. Suppose y*u = u - 2. What is the units digit of u?
2
Suppose h + 4*h = 110. Suppose -2*o - h = -3*p, 2*p + 14 = -5*o - 3. Suppose -2*n + 8 = 3*r, 0*r - 12 = -p*n - 4*r. What is the units digit of n?
1
Let o = 12 + -8. Let c(m) = -m + 13. Let y be c(0). Suppose 9*d - 4*d - 2*r - y = 0, -4*d = -o*r - 20. What is the units digit of d?
1
Suppose -2*c = 3*t - 7*t + 16, -3*c - 12 = -3*t. Suppose 6*j - t*j = 0. Suppose -3*m = -j*m - 27. What is the units digit of m?
9
Let g(m) = m**3 + 4*m**2 - 7*m - 10. What is the units digit of g(-4)?
8
Let q = 40 + -34. What is the units digit of q?
6
Let n be (-7 + 2)*(-1)/1. Let v = -3 + n. Suppose -2*d + 24 = v*d. What is the units digit of d?
6
Suppose 2 = -o - q - 1, -17 = -o + 3*q. What is the units digit of (13 - -3) + 6/o?
9
Suppose 0*m = 2*m + 4*r, 5*r = 4*m. Suppose -4*c - 4*l - 80 = m, -l + 60 = -3*c - 0*c. What is the units digit of c*-2*(-1)/(-4)?
0
What is the tens digit of 15/(-6) - -2 - (-266)/4?
6
Suppose -3*v + 4*v = 2. Suppose 4*d - v*d = 2. What is the units digit of d - 3 - -6*1?
4
Let s be (-3 - 0) + 3 - -2. Suppose s*g - 15 + 5 = 0. What is the units digit of -12*((-15)/6)/g?
6
Suppose 6*x - 38 = 184. What is the units digit of x?
7
Let h(j) be the second derivative of j**3/6 + j**2/2 - 3*j. Let c be h(-2). Let q(k) = 5*k**2 - 2*k - 1. What is the units digit of q(c)?
6
Suppose -55 = 22*u - 27*u. What is the tens digit of u?
1
Suppose 0 = x - g - 3, -3*g + 0 = -3. What is the units digit of x?
4
Suppose -65 = -3*z - 5*n, -3*n + 57 = 3*z - 0*n. Let p(x) = x + 2. Let v be p(0). Suppose -1 + z = v*j. What is the units digit of j?
7
Let p be (-3)/(-6) + (-690)/12. Let i = 96 + p. What is the units digit of i?
9
Let x = -6 - -16. Suppose 0 = k - 0*k + 22. What is the units digit of x/(-15) + k/(-6)?
3
Let a(z) be the second derivative of z**4/3 - 2*z**3/3 + z**2 + z. What is the units digit of a(2)?
0
Suppose -4*p = 2*x - 516, -x + 471 = 3*p + 82. What is the units digit of p?
1
Suppose 0 = -2*f + 8*r - 4*r + 138, 12 = 4*r. What is the tens digit of f?
7
What is the units digit of 3762/55 - 4/10?
8
What is the units digit of (2/(20/2))/(4/20)?
1
Let t = 12 - -1. Suppose -3*h + 20 = -t. Let z(p) = p - 3. What is the units digit of z(h)?
8
Suppose o + 0 - 3 = 0. Suppose n = o*n - 4. What is the units digit of n?
2
Let o be 15 + 1/(2/(-2)). Suppose 0 = -a + o + 6. Suppose -a = -0*g - 5*g. What is the units digit of g?
4
Suppose 41*j + 162 = 47*j. What is the units digit of j?
7
Let n(o) = -9*o - 14. Let g(h) = -6*h - 9. Let v(r) = 8*g(r) - 5*n(r). Let d be (8/24)/(1/(-12)). What is the tens digit of v(d)?
1
Let u = 7 + 43. Suppose 5*r - 72 = -r. Suppose -2*g + u - r = 0. What is the tens digit of g?
1
Let s(i) = -2*i + 3*i**2 + 5*i**2 - 2 - 2*i**2 - 5*i**2. What is the units digit of s(3)?
1
What is the units digit of -3 + -2 + 3 - -240?
8
Let l = 59 + 63. What is the hundreds digit of l?
1
What is the units digit of (-228)/18*-12 + 3?
5
Suppose -y + 3*y - 2*p = -16, 3*p = 2*y + 21. Let o = y + 15. What is the units digit of o?
2
Let s = -2 - -1. What is the units digit of (4/10)/(s/(-25))?
0
Let v = -23 + 26. What is the units digit of v?
3
Let v be (-2)/(-3)*(-126)/12. Let g = v + 10. What is the units digit of g?
3
Let p(l) = 2